 the greatest common divisor of 14 and 34.
2
Calculate the greatest common factor of 219 and 438.
219
Calculate the greatest common factor of 292 and 73.
73
Calculate the greatest common divisor of 11 and 5401.
11
Calculate the highest common factor of 520 and 60.
20
Calculate the greatest common factor of 670 and 80.
10
Calculate the highest common factor of 14 and 6.
2
What is the highest common factor of 122 and 3294?
122
What is the highest common factor of 2016 and 192?
96
Calculate the greatest common factor of 177 and 5487.
177
What is the greatest common divisor of 1875 and 4000?
125
What is the greatest common factor of 3 and 3669?
3
Calculate the highest common divisor of 17 and 4063.
17
Calculate the highest common factor of 4 and 1592.
4
What is the highest common divisor of 2059 and 213?
71
Calculate the greatest common factor of 56 and 1384.
8
Calculate the greatest common factor of 165 and 10560.
165
Calculate the highest common divisor of 126 and 3024.
126
What is the greatest common divisor of 75 and 50?
25
Calculate the highest common divisor of 1242 and 276.
138
Calculate the highest common factor of 343 and 14.
7
What is the highest common divisor of 36 and 108?
36
Calculate the greatest common divisor of 200 and 16.
8
What is the greatest common factor of 23565 and 30?
15
Calculate the greatest common divisor of 10 and 6830.
10
What is the greatest common factor of 644 and 5888?
92
What is the greatest common factor of 405 and 3285?
45
What is the greatest common factor of 56 and 22?
2
Calculate the greatest common divisor of 1470 and 126.
42
What is the highest common factor of 3717 and 63?
63
What is the greatest common factor of 114 and 102?
6
What is the greatest common factor of 360 and 45?
45
What is the highest common factor of 14 and 287?
7
Calculate the highest common factor of 45 and 25.
5
What is the greatest common divisor of 6 and 16?
2
What is the greatest common divisor of 806 and 26?
26
What is the greatest common divisor of 48 and 30?
6
What is the highest common factor of 13 and 104?
13
Calculate the greatest common divisor of 159 and 6.
3
What is the highest common factor of 781 and 22?
11
Calculate the highest common divisor of 736 and 46.
46
Calculate the greatest common divisor of 4585 and 490.
35
Calculate the greatest common divisor of 12 and 114.
6
Calculate the highest common divisor of 165 and 55.
55
What is the greatest common factor of 12322 and 61?
61
What is the highest common divisor of 779 and 82?
41
Calculate the greatest common factor of 18 and 441.
9
Calculate the greatest common divisor of 882 and 198.
18
Calculate the highest common divisor of 296 and 7844.
148
What is the greatest common divisor of 50 and 950?
50
Calculate the greatest common divisor of 2310 and 70.
70
What is the greatest common factor of 13400 and 800?
200
What is the highest common divisor of 48 and 105?
3
Calculate the highest common factor of 3460 and 190.
10
What is the highest common factor of 52 and 1898?
26
What is the greatest common divisor of 33 and 18?
3
Calculate the greatest common divisor of 87 and 120.
3
What is the highest common divisor of 169 and 234?
13
Calculate the highest common factor of 23 and 253.
23
Calculate the highest common divisor of 109 and 109.
109
What is the highest common factor of 5680 and 80?
80
Calculate the greatest common divisor of 160 and 140.
20
What is the highest common divisor of 198 and 4851?
99
Calculate the highest common factor of 91 and 455.
91
Calculate the highest common factor of 18 and 15210.
18
Calculate the highest common factor of 129 and 172.
43
What is the greatest common divisor of 3688 and 8?
8
Calculate the greatest common divisor of 19 and 1254.
19
What is the greatest common factor of 12 and 12?
12
What is the highest common divisor of 208 and 8580?
52
What is the highest common factor of 8 and 24?
8
What is the highest common divisor of 6 and 2082?
6
Calculate the highest common divisor of 54 and 25947.
27
Calculate the greatest common divisor of 288 and 120.
24
Calculate the greatest common factor of 1190 and 70.
70
Calculate the highest common divisor of 264 and 96.
24
What is the highest common divisor of 24 and 92?
4
What is the highest common factor of 804 and 60?
12
Calculate the highest common divisor of 748 and 3.
1
What is the highest common factor of 48 and 125232?
48
Calculate the greatest common divisor of 12 and 1284.
12
Calculate the highest common divisor of 1674 and 992.
62
Calculate the greatest common factor of 2676 and 6.
6
What is the greatest common divisor of 5768 and 8?
8
Calculate the highest common factor of 92 and 1150.
46
Calculate the greatest common factor of 12320 and 14.
14
What is the greatest common divisor of 1170 and 13?
13
Calculate the greatest common divisor of 100 and 4850.
50
What is the highest common factor of 43 and 43?
43
What is the greatest common factor of 103 and 721?
103
What is the highest common factor of 40 and 72?
8
Calculate the greatest common factor of 5559 and 204.
51
Calculate the greatest common divisor of 9 and 1251.
9
What is the highest common divisor of 2 and 122?
2
Calculate the highest common divisor of 8 and 71.
1
What is the highest common factor of 63 and 288?
9
Calculate the greatest common divisor of 468 and 3204.
36
What is the greatest common divisor of 297 and 407?
11
What is the highest common divisor of 22 and 77?
11
What is the greatest common divisor of 2079 and 539?
77
Calculate the highest common factor of 650 and 4160.
130
What is the highest common factor of 4 and 452?
4
Calculate the greatest common factor of 264 and 165.
33
Calculate the highest common factor of 312 and 8346.
78
Calculate the greatest common divisor of 3 and 2.
1
Calculate the greatest common factor of 54 and 3267.
27
What is the greatest common factor of 458 and 4?
2
What is the highest common factor of 162 and 171?
9
Calculate the highest common divisor of 1105 and 13.
13
What is the highest common divisor of 39 and 12129?
39
What is the highest common divisor of 252 and 1476?
36
What is the greatest common factor of 2812 and 1444?
76
Calculate the greatest common divisor of 30 and 3435.
15
What is the greatest common divisor of 48 and 1072?
16
Calculate the greatest common factor of 54 and 7263.
27
What is the greatest common factor of 1209 and 169?
13
What is the highest common factor of 140 and 4?
4
What is the highest common divisor of 1035 and 90?
45
What is the greatest common factor of 14 and 1393?
7
What is the greatest common divisor of 18876 and 156?
156
Calculate the greatest common divisor of 40 and 320.
40
What is the greatest common factor of 224 and 168?
56
What is the greatest common factor of 64 and 3168?
32
Calculate the greatest common factor of 20 and 160.
20
Calculate the highest common factor of 48 and 232.
8
What is the highest common divisor of 1479 and 174?
87
Calculate the greatest common factor of 11 and 253.
11
Calculate the highest common divisor of 35 and 16.
1
What is the greatest common divisor of 494 and 26?
26
Calculate the greatest common factor of 16 and 23248.
16
Calculate the highest common factor of 78 and 416.
26
What is the greatest common divisor of 38 and 8436?
38
Calculate the greatest common factor of 640 and 32.
32
Calculate the highest common factor of 5057 and 13.
13
Calculate the greatest common factor of 490 and 35.
35
What is the highest common factor of 3404 and 148?
148
What is the greatest common factor of 52 and 3718?
26
Calculate the greatest common factor of 6412 and 28.
28
Calculate the greatest common divisor of 15 and 240.
15
Calculate the greatest common divisor of 21 and 168.
21
Calculate the greatest common divisor of 12 and 96.
12
What is the greatest common factor of 90 and 60?
30
Calculate the greatest common factor of 100 and 650.
50
Calculate the highest common divisor of 126 and 450.
18
What is the highest common divisor of 612 and 561?
51
Calculate the greatest common factor of 21 and 147.
21
What is the highest common divisor of 2208 and 92?
92
What is the highest common divisor of 25 and 45?
5
Calculate the greatest common factor of 24300 and 25.
25
What is the greatest common factor of 48 and 72?
24
What is the highest comm